23 is divided by u*(5/3 - 2910/45)?
60
Let r(u) = u**2 + u + 14. Suppose -6 = 16*o - 70. What is the remainder when 70 is divided by r(o)?
2
Suppose -4*l = -u - 66, -3*l - 4*u + 3 = -56. What is the remainder when (-5 + 2)*(-29)/3 is divided by l?
12
Let v = -132 + 260. Suppose 0 = n + v - 188. What is the remainder when n is divided by 34?
26
Let s(c) = -c**3 + 12*c**2 - 7*c - 2. Suppose -2518*n + 1120 = -2462*n. What is the remainder when s(8) is divided by n?
18
Let u = 5849 - 5824. What is the remainder when 772 is divided by u?
22
What is the remainder when (-3406)/(-8) - (-279)/1116 is divided by 407?
19
Suppose 0 = 2*f - 4*v + 3070 - 11758, 0 = 5*f + v - 21731. Calculate the remainder when f is divided by 27.
26
Suppose 0 = -21*y + 221 + 493. Suppose -2*a - 2 = -6. Suppose -2*i - 24 = -a*j - 0*i, -3*i - 16 = -j. Calculate the remainder when y is divided by j.
4
Suppose -7*q + 93 = -4*q. What is the remainder when 62 + 8*(7 + -13 + 5) is divided by q?
23
Suppose 13 = 2*c - 0*c - l, 3*c + 4*l = 14. Suppose 4*i + c = -u + 277, 5*u + 73 = i. Suppose -13 - 23 = -2*y. What is the remainder when i is divided by y?
14
Suppose 2*t = 3*n + 81 + 35, 7*t - 3*n - 376 = 0. Calculate the remainder when 11751 is divided by t.
51
Suppose 5*o + 2401 = 2*c, 3*o + 4753 = 58*c - 54*c. Calculate the remainder when c is divided by 148.
147
Let w = 0 + -1. Let n be 11 - 6*253/66. Calculate the remainder when n/5*5*(w - 0) is divided by 4.
0
Suppose 307 - 285 = b - 4*p, -4*p - 190 = -5*b. Calculate the remainder when 247 is divided by b.
37
Let l(j) be the first derivative of -j**3/3 - 29*j**2/2 - 121*j - 46. What is the remainder when 44 is divided by l(-23)?
10
Let z(r) = 4*r**2 - 9*r - 26. Let h be z(10). Let v = 489 - h. What is the remainder when v is divided by 15?
10
Calculate the remainder when 86 is divided by (-2 + -4)*783/(-522).
5
Let m(r) = 6*r**2 + 9*r + 17. Let g be m(12). Let z = g - 702. What is the remainder when z is divided by 18?
17
Suppose -5*f + 846 + 1144 = -4*i, 5*f = -4*i + 2030. Let q = 466 - f. Calculate the remainder when q is divided by 26.
12
Let u(l) = -l**3 + 13*l**2 + l + 10. Let s be (-2)/(-6) - (-2100)/180. What is the remainder when u(s) is divided by 43?
37
Let m(q) = -q + 113. Let r = -18241 + 18261. Calculate the remainder when m(0) is divided by r.
13
Calculate the remainder when 2441 is divided by 648/30 - 50/(-125).
21
Suppose -36*b = 27*b - 41*b - 18612. What is the remainder when b is divided by 123?
108
Let t(u) = u**2 + 11*u + 61. What is the remainder when 570 is divided by t(-18)?
9
Let q(h) be the first derivative of 3*h**2 - 125*h - 80. What is the remainder when 23 is divided by q(23)?
10
Let w(x) = 7*x**2 - 7*x - 5. Let u be w(8). Suppose 7*m - u = 3708. Calculate the remainder when m is divided by 42.
39
Let i = 3063 - 2601. What is the remainder when i is divided by 86?
32
Suppose -5*q = 6 - 26. Suppose -4*z + 526 = -302. Let b = z - 197. What is the remainder when b is divided by q?
2
Let m(y) = y**2 - 5*y + 16. Let g be m(5). Suppose -g = j - 36. Calculate the remainder when 1098 is divided by j.
18
Suppose 0*h + 3415 = 7*h - 2*h. What is the remainder when h is divided by 171?
170
Suppose -v - 30 = -7*v. Let g(d) = 2*d**3 - 3*d**2 + 18*d - 16. What is the remainder when v is divided by g(1)?
0
Let q(l) = -361*l + 348*l - 10*l**2 + 11*l**2 - 61. Calculate the remainder when q(21) is divided by 9.
8
Let o = -7919 + 7952. What is the remainder when 13428 is divided by o?
30
Let b(f) = -36*f + 2419. What is the remainder when b(66) is divided by 1 + (42/1)/1?
0
Let a(o) = 2*o**3 - 14*o**2 - 10*o - 46. Let k be a(11). Suppose k = -20*b + 34*b. Calculate the remainder when b is divided by 3.
1
Let x be ((-195)/20 - -9)/(2/(-32)). Suppose -x*k - 384 = -28*k. Calculate the remainder when 137 is divided by k.
17
Let q be (3 + -2)/1 + 107. Suppose -6*m = -q + 84. Let y = 6 + -3. What is the remainder when m is divided by y?
1
Let r(k) = 15*k + 24. Let l = -166 - -171. Calculate the remainder when r(l) is divided by 17.
14
Let u = 147 + -130. Let w = u + 41. Calculate the remainder when w is divided by 5.
3
Let x(q) = 7*q**3 + 4*q**2 - 5*q + 15. Let d be x(8). Calculate the remainder when ((-11)/(-5) - 1)/(109/d) is divided by 11.
9
Let n(h) be the third derivative of -h**5/60 - 43*h**4/24 + 59*h**3/6 + 10*h**2 - 13. Calculate the remainder when n(-24) is divided by 47.
45
Let w be 4*(-2)/(-4) - -7. Let s = w - 4. What is the remainder when 25 is divided by s?
0
Let c(s) = s**3 + 49*s**2 + 47*s - 38. Let j be c(-48). Suppose -j*m + 29 = -9*m. What is the remainder when m is divided by 9?
2
Let y = -6622 + 6643. What is the remainder when 454 is divided by y?
13
Let z(h) = 124*h**2 + 9*h - 16. What is the remainder when z(-3) is divided by 43?
41
Let g(r) = 3*r + 13. Let u be g(6). Suppose -u = -l + 18. Let c = l - 31. What is the remainder when c is divided by 10?
8
Calculate the remainder when 173 is divided by (-121)/(-3) + (350/15)/14 - -3.
38
Suppose -3*p - 2 = -38. Let j(i) = 100 - 143*i + 79*i + i**3 + 78*i + 7*i**2 - 17. What is the remainder when j(-6) is divided by p?
11
Let l = -515 - -256. Let a = l - -299. Calculate the remainder when a is divided by 22.
18
Let z(w) = 3*w**2 - 17*w + 2. Let o be z(6). Suppose 0 = -o*m - 126 + 1950. Calculate the remainder when m is divided by 21.
18
Suppose 18*b + 1021 = 5107. Calculate the remainder when b is divided by 38.
37
Suppose -62*h + 23*h + 20847 = 7353. Calculate the remainder when h is divided by 109.
19
Suppose -s = 5*o + 2 - 93, -5*s + 371 = 4*o. Suppose 3*j = -12*j - 38*j + 636. What is the remainder when s is divided by j?
11
Let d = -4536 - -5252. What is the remainder when d is divided by 37?
13
Let l(h) = 2*h**2 - 4*h + 3. Let d(f) = 209*f - 2557. What is the remainder when d(13) is divided by l(6)?
7
Calculate the remainder when -14*23/(-46) - -198 is divided by 81.
43
Let f(b) = 76*b - 222. Let y(v) = -13*v + 38. Let a(h) = -6*f(h) - 39*y(h). What is the remainder when -1 - (-1*1 - 39) is divided by a(3)?
0
Suppose -8*t = -2 - 6. Let k be ((-3 - 1) + 3)/t. What is the remainder when 32 is divided by k/(3/(-4)) + 198/54?
2
Let d(n) = -5*n**2 - 64*n - 12. Calculate the remainder when 2046 is divided by d(-10).
126
Let m = 929 - 911. What is the remainder when 52 is divided by m?
16
Let f be 96 + -88 - (0 - 3*-1). Suppose -f*c - 490 + 520 = 0. What is the remainder when 491 is divided by c?
5
Let n(c) = 2*c**3 - 2*c**2 - 15. Let a be n(0). What is the remainder when 65 is divided by 27 - (a/(-30) - 9/(-2))?
21
Let w = -578 + 572. What is the remainder when 58 is divided by 4/w*(-1665)/74?
13
What is the remainder when 1137 is divided by 680/(-48)*-6 - (-36)/(-4)?
73
Let j(c) = 5 - 19*c + 40*c - 23*c. Let a(d) = -7*d + 14. Let l(u) = 6*a(u) - 17*j(u). Calculate the remainder when 183 is divided by l(-4).
28
Let m(w) = 13*w**2 + 11*w - 9. Let b(g) = -15*g**2 - 12*g + 8. Let n(k) = -6*b(k) - 7*m(k). Calculate the remainder when 66 is divided by n(-4).
9
Let y(t) = t**3 + 4*t**2 - 625*t - 3064. What is the remainder when 110 is divided by y(-5)?
2
Let z(j) = 2*j**3 - 9*j**2 + 30*j - 111. Calculate the remainder when 182 is divided by z(6).
5
Let q(b) = -b**2 + 54*b + 52. Calculate the remainder when 302 is divided by q(54).
42
Let c(q) = 74*q**2 - q + 5. Calculate the remainder when 96 is divided by c(-1).
16
Let a(l) = l**3 + 8*l**2 + 2*l + 19. Let f(z) = 7*z**2 + 244*z - 1232. What is the remainder when f(5) is divided by a(-6)?
5
Let t(m) = 230*m**2 + 145*m + 431. Calculate the remainder when t(-3) is divided by 11.
9
Suppose -47*g + 51*g - 332 = 4*t, 430 = 5*g - 2*t. Calculate the remainder when 334 is divided by g.
70
Let z(p) = 36*p + 3. Let y be z(-2). Let v(g) = 26*g + 97. Let w be v(-1). Let a = w + y. Calculate the remainder when 4 is divided by a.
0
Let n(r) = 372*r - 526. Calculate the remainder when n(3) is divided by 204.
182
Suppose 3*b = -990*n + 986*n + 263, 287 = 3*b - 2*n. What is the remainder when 4740 is divided by b?
90
Let s = 5983 + -5529. Calculate the remainder when s is divided by 8.
6
Let d = -12 + 3. Let q = -4 - d. What is the remainder when q/((-8)/(-7) - 1/1) is divided by 13?
9
Suppose -25*y - 1115 = -5915. What is th